s the tens digit of j(x)?
3
Suppose -3*j + 46 - 7 = 0. Let d(p) = -p**3 + 13*p**2 - 2. Let l be d(j). Let q = 4 - l. What is the units digit of q?
6
Let p(h) = 13*h + 11. Let i be p(-5). What is the units digit of (-140)/(-3)*(i/15)/(-3)?
6
Let k = -6314 + 9977. What is the units digit of k?
3
Let n = 117 - 194. Let g = n + 108. What is the units digit of g?
1
Let i(p) = 5*p**2 - 1. Suppose 0*b + 62 = -5*a + 4*b, -4*a + 5*b - 55 = 0. Let l = -8 - a. What is the tens digit of i(l)?
1
Let l(n) = 7 - 245*n**2 + n**3 + 221*n**2 + 1 + 24*n. What is the tens digit of l(23)?
3
Let n = -3 - 5. What is the tens digit of (-5)/20 + (-122)/n?
1
Let d be (1 - 126)/(9/(-27)). Suppose 6*o - d = o. What is the units digit of o?
5
Let c = 3760 + -983. What is the hundreds digit of c?
7
Suppose -3*f = -44 - 4. Suppose 410 = 2*c + v, 3*v + v = f. What is the units digit of c?
3
Let a(u) = 2*u**2 - u**3 + 2 + 19*u**2 - 24*u - 5*u**2 + 4*u**2. What is the tens digit of a(18)?
1
Suppose 26*x - 30*x = -a + 3253, 0 = -2*a - 2*x + 6536. What is the tens digit of a?
6
Let w(v) = -1523*v - 413. What is the hundreds digit of w(-2)?
6
Let a(g) = -g**3 - 3*g**2 + 5*g + 4. Let w be a(-4). Let s be 2/24 - (-527)/12. Suppose w = -p + u, 4*u - s = -4*p - 12. What is the units digit of p?
4
Let a(t) = 20*t + 1. Suppose -4*o = -27 + 11. What is the tens digit of a(o)?
8
Suppose 2*o = 4*r + 24, 12 + 1 = -3*r - o. Let p(q) = -q**2 + 9*q - 8. Let j be p(6). What is the tens digit of ((-44)/r)/(2/j)?
4
Let a(j) be the second derivative of -j**3/6 + 11*j**2/2 + 10*j. Let u be a(5). Suppose -3*i + 5*i = u. What is the units digit of i?
3
Suppose -2*y + 2144 = -2*x - 556, -1342 = -y + 5*x. What is the tens digit of y?
5
Suppose 3*w + 3 = c, c + 2*w + w = 21. Suppose c = -3*p, 5*u - 4*p + 2*p = 78. What is the units digit of (7/u)/((-2)/(-4))?
1
What is the hundreds digit of (-7)/56*7926*(-16)/6?
6
Let y(v) be the first derivative of 145*v**3/3 - 3*v**2/2 - 4*v - 21. What is the tens digit of y(-1)?
4
Let l be (-14)/(-2 + (5 - 1)). Let s = 22 + l. What is the units digit of s?
5
Let n = 412 + -188. What is the tens digit of n?
2
Suppose -4*q - 31 = -2*g + 7*g, -2*g - 18 = 2*q. Let z be (-72)/(-14) + 2/q. Suppose 125 = 5*k - z. What is the tens digit of k?
2
Let o(h) = -h - 8. Let i be o(7). Let a = i + 19. Suppose p = a*g - 13, 0*p = -g - p + 7. What is the units digit of g?
4
Let w be 10*2/20*5. What is the hundreds digit of 15/6*246/w?
1
Let d be 20/(-5) + 2 + (0 - -317). Suppose d = 7*p - 70. What is the tens digit of p?
5
Suppose 3*a - 912 = -5*o, -368 = -2*o - 2*a - 0*a. Let b be ((-2)/(-4))/(1/o). Suppose 2*n - h = 4*h + 67, 0 = 3*n - 4*h - b. What is the units digit of n?
6
Let b be -3 - (2 - 3)*1. Let y(s) = 3*s**2 - 9. Let a(o) = 16*o**2 - o - 46. Let u(l) = b*a(l) + 11*y(l). What is the units digit of u(-6)?
7
Let p(r) = -58*r - 1210. What is the tens digit of p(-66)?
1
Suppose 77*m = 4*m + 280831. What is the hundreds digit of m?
8
Let m = 538 + 1110. What is the tens digit of m?
4
Let o be ((-33)/(-9) + -3)/((-2)/1758). Let u = o - -886. What is the units digit of u?
0
Suppose 5*s = 1795 + 7460. What is the thousands digit of s?
1
Let m(v) be the first derivative of 20*v**3/3 - v**2 + 2*v + 11. What is the tens digit of m(1)?
2
Let b(u) = -20*u - 1. Let w be b(2). Let f = -18 - w. Let p = f + -10. What is the units digit of p?
3
Let c be (16/12)/2*42. Let q = c + 17. Suppose -7 = i - q. What is the units digit of i?
8
Let p(l) be the first derivative of l**4/4 + 4*l**3 + 7*l**2/2 - 11*l + 9. What is the tens digit of p(-4)?
8
Suppose 17*h - 29*h = -4440. What is the tens digit of h?
7
Let f be 56*-3*3/4. Let l = f - -229. Let o = l - 74. What is the units digit of o?
9
Let m(g) = g**3 - 5*g**2 - 2*g + 10. Let c be m(5). Suppose c = 5*n - 0*x + x - 442, 5*x = -15. What is the tens digit of n?
8
Suppose 5*y = -4*t + 2895, 8*t = -y + 3*t + 579. What is the hundreds digit of y?
5
Suppose 3*r + 2*r = 0. Let w = 13 + -3. Suppose t + t - w = r. What is the units digit of t?
5
Let z be (2 - (-8)/(-4))/(4/(-4)). Suppose -2*b + 22 + 68 = z. What is the tens digit of b?
4
Suppose 0 = -3*c - 12 + 3. Let w(b) = 5*b**3 - 2*b - 2. Let v be w(c). What is the tens digit of 10/40 - v/4?
3
Let m(j) = -3 + 3*j**2 + 4 + 10 - 32*j. What is the hundreds digit of m(13)?
1
Let h = 205 + -165. What is the units digit of h?
0
Let z be (9/12)/((-12)/(-224)). Let y(n) = n**3 + 7*n**2 + 7*n + 8. Let w be y(-6). What is the tens digit of z - w*(-1)/2?
1
Let n(k) = 4*k**3 - k**2 + k. Let l be n(1). Suppose -4*o = g + 3, -l*g = -3*g - o - 7. What is the units digit of 219/g - (-1)/5?
4
Suppose -2*x - 52 = -5*o, 4*o - 4*x - 18 = 14. Let b(k) = k**3 - 11*k**2 - 11*k - 5. What is the units digit of b(o)?
7
Let m(j) = -j + 9. Let i be m(4). Suppose 9 = i*s - 16. Suppose -2*l + 6*l - 60 = -4*g, 0 = -l - 3*g + s. What is the units digit of l?
0
Suppose 5*v - 912 = 2*v + 3*h, 0 = -2*v + 4*h + 598. What is the hundreds digit of v?
3
Suppose 0*f - 5*f = -60. Let i = f + -3. Suppose 4*a + 4 = 2*z, 0 = 2*a - i + 3. What is the units digit of z?
8
Suppose -15*f - 14*f = -34597. What is the units digit of f?
3
Let q(a) be the third derivative of a**8/20160 + a**7/630 - a**5/30 + 4*a**2. Let u(o) be the third derivative of q(o). What is the units digit of u(-9)?
9
Let i(y) = y**3 + 4*y**2 + y + 7. Let j be i(-4). Suppose 34 = j*a + 4*n, a = 2*n - 7 + 5. What is the units digit of a?
6
Let r = -4660 + 2509. What is the tens digit of 2/3*r/(-6)?
3
Let x(i) = -4*i**3 + 3*i**2 + 5*i + 54. What is the tens digit of x(-7)?
3
Let c(s) = 6*s + 8. Let m(x) = x**3 - 11*x**2 - x + 15. Let y = -12 - -23. Let w be m(y). What is the tens digit of c(w)?
3
Suppose 0 = 10*l + 42 + 58. What is the units digit of 175 + 2*l/5?
1
Suppose 0 = -2*m + 3*m - 5. Suppose -3*v = 3*u - u - 123, 5*v - m*u = 180. What is the units digit of v?
9
Let k = -2169 - -4548. What is the tens digit of k?
7
Let r = 23 + -12. Let c(s) = 8*s**3 - 41*s**2 - 12*s + 19. Let h(a) = 3*a**3 - 14*a**2 - 4*a + 6. Let d(l) = r*h(l) - 4*c(l). What is the tens digit of d(-9)?
3
Suppose -13*f - 556 = -9*f. What is the tens digit of f/(-2) + 14/(-28)?
6
Let f(n) = -14*n - 18. What is the tens digit of f(-5)?
5
Suppose 81 + 79 = -5*d. Let m = 32 + d. Suppose m = -p + 6*p - 210. What is the tens digit of p?
4
What is the units digit of 1/(-3)*12 + 800?
6
Suppose -5*x - 2*d = 84, x + 21 = -d + 2*d. What is the tens digit of (-14)/(-63) - 536/x?
3
Let l = 98 - 96. Suppose 8*n + l*n = 2750. What is the units digit of n?
5
Suppose w - 6 = 1. Let t = w - -13. What is the tens digit of t?
2
Let b = 32 - 27. Suppose -b*j = 96 - 311. What is the units digit of j?
3
Let l(q) = -3*q**3 + 26*q**2 + 20*q - 10. Let o(v) = -6*v - v - 9*v**2 + 4 + 1 + v**3 - 2. Let p(z) = -4*l(z) - 11*o(z). What is the tens digit of p(6)?
2
Let b = 1320 - 575. What is the hundreds digit of b?
7
Let k be (12/4 - 0) + -14. Let d be -2 - k - 0/2. Let x = d - 6. What is the units digit of x?
3
Let r(n) = n + 3*n - 130 + 0*n + 133. Let a be r(2). Suppose -6*q + a*q - 15 = 0. What is the units digit of q?
3
Let s be 2/6*(6 - 3). What is the units digit of (3/s)/(-3) - -12?
1
Let r(a) = -55*a - 2. Let d be r(-2). Suppose 13*m - 7 = 45. What is the tens digit of 8/6*d/m?
3
Suppose 0 = 4*z - 11 - 5. Suppose z*s - 144 - 80 = 0. What is the units digit of s?
6
Let v(f) = f**3 - f**2 + 28. Let w be v(0). Let j(a) = -43*a + 108. Let s be j(2). Let h = w - s. What is the units digit of h?
6
Let k(n) = 215*n + 9. Suppose 0 = 3*r - 3*h + 6, -2*r - r - 4*h + 15 = 0. What is the hundreds digit of k(r)?
2
What is the units digit of 4/(-12) + (-10)/6 + 9?
7
Suppose -9*q + q = -1232. Suppose -5*h + 476 = -q. What is the units digit of h?
6
Let f(q) = 28*q**2 - q**3 - 2 + 1 + 1 - 7 - 17*q. What is the hundreds digit of f(27)?
2
Let x be (-1 - -204)/(3/(9/3)). Let k = 289 - x. What is the tens digit of k?
8
Let l = 537 - 276. What is the tens digit of l?
6
Let n(v) = v**2 + 3*v - 2. Let o be n(-4). Let m(u) = 10*u**2 + u**3 - 11*u + 0*u**3 - u + o + 18*u. What is the units digit of m(-9)?
9
Let v(o) = o**3 + 11*o**2 - 2*o + 7. Let x be v(-6). Let p = 291 - x. What is the tens digit of p?
9
Suppose -3*r = a - 471, a + 260 = 4*r